{"id":60,"date":"2017-03-04T13:40:48","date_gmt":"2017-03-04T12:40:48","guid":{"rendered":"http:\/\/skolarusava.cz\/?page_id=60"},"modified":"2026-02-18T15:48:19","modified_gmt":"2026-02-18T14:48:19","slug":"skolni-druzina","status":"publish","type":"page","link":"http:\/\/skolarusava.cz\/?page_id=60","title":{"rendered":"\u0160koln\u00ed dru\u017eina"},"content":{"rendered":"\n<div class=\"wp-block-file\"><a href=\"http:\/\/skolarusava.cz\/wp-content\/uploads\/2023\/05\/Kriteria-prijeti-do-SD-2023-2024.pdf\"><br>Krit\u00e9ria p\u0159ijet\u00ed do \u0160D 2023-2024<\/a><a href=\"http:\/\/skolarusava.cz\/wp-content\/uploads\/2023\/05\/Kriteria-prijeti-do-SD-2023-2024.pdf\" class=\"wp-block-file__button\" download>St\u00e1hnout<\/a><\/div>\n\n\n\n<div class=\"wp-block-file\"><a href=\"http:\/\/skolarusava.cz\/wp-content\/uploads\/2026\/02\/Vnitrni-rad-SD.pdf\">Vnit\u0159n\u00ed \u0159\u00e1d \u0160D<\/a><a href=\"http:\/\/skolarusava.cz\/wp-content\/uploads\/2026\/02\/Vnitrni-rad-SD.pdf\" class=\"wp-block-file__button\" download>St\u00e1hnout<\/a><\/div>\n\n\n\n<div class=\"wp-block-file\"><a href=\"http:\/\/skolarusava.cz\/wp-content\/uploads\/2026\/02\/SVP-skolni-druzina.pdf\">SVP skolni druzina<\/a><a href=\"http:\/\/skolarusava.cz\/wp-content\/uploads\/2026\/02\/SVP-skolni-druzina.pdf\" class=\"wp-block-file__button\" download>St\u00e1hnout<\/a><\/div>\n\n\n<p><\/p>\n<hr>\n<h4>Fotogalerie<\/h4>\n<div id='gallery-1' class='gallery galleryid-60 gallery-columns-3 gallery-size-large'><figure class='gallery-item'>\n\t\t\t<div class='gallery-icon landscape'>\n\t\t\t\t<a href='http:\/\/skolarusava.cz\/wp-content\/uploads\/2020\/09\/DSC00475.jpg' title=\"\" data-rl_title=\"\" class=\"rl-gallery-link\" data-rl_caption=\"\" data-rel=\"lightbox-gallery-1\"><img width=\"832\" height=\"555\" src=\"http:\/\/skolarusava.cz\/wp-content\/uploads\/2020\/09\/DSC00475-1024x683.jpg\" class=\"attachment-large size-large\" alt=\"\" loading=\"lazy\" srcset=\"http:\/\/skolarusava.cz\/wp-content\/uploads\/2020\/09\/DSC00475-1024x683.jpg 1024w, http:\/\/skolarusava.cz\/wp-content\/uploads\/2020\/09\/DSC00475-150x100.jpg 150w, http:\/\/skolarusava.cz\/wp-content\/uploads\/2020\/09\/DSC00475-300x200.jpg 300w, http:\/\/skolarusava.cz\/wp-content\/uploads\/2020\/09\/DSC00475-768x512.jpg 768w, http:\/\/skolarusava.cz\/wp-content\/uploads\/2020\/09\/DSC00475.jpg 1620w\" sizes=\"(max-width: 832px) 100vw, 832px\" \/><\/a>\n\t\t\t<\/div><\/figure><figure class='gallery-item'>\n\t\t\t<div class='gallery-icon landscape'>\n\t\t\t\t<a href='http:\/\/skolarusava.cz\/wp-content\/uploads\/2020\/09\/DSC00480.jpg' title=\"\" data-rl_title=\"\" class=\"rl-gallery-link\" data-rl_caption=\"\" data-rel=\"lightbox-gallery-1\"><img width=\"832\" height=\"555\" src=\"http:\/\/skolarusava.cz\/wp-content\/uploads\/2020\/09\/DSC00480-1024x683.jpg\" class=\"attachment-large size-large\" alt=\"\" loading=\"lazy\" srcset=\"http:\/\/skolarusava.cz\/wp-content\/uploads\/2020\/09\/DSC00480-1024x683.jpg 1024w, http:\/\/skolarusava.cz\/wp-content\/uploads\/2020\/09\/DSC00480-150x100.jpg 150w, http:\/\/skolarusava.cz\/wp-content\/uploads\/2020\/09\/DSC00480-300x200.jpg 300w, http:\/\/skolarusava.cz\/wp-content\/uploads\/2020\/09\/DSC00480-768x512.jpg 768w, http:\/\/skolarusava.cz\/wp-content\/uploads\/2020\/09\/DSC00480.jpg 1620w\" sizes=\"(max-width: 832px) 100vw, 832px\" \/><\/a>\n\t\t\t<\/div><\/figure><figure class='gallery-item'>\n\t\t\t<div class='gallery-icon landscape'>\n\t\t\t\t<a href='http:\/\/skolarusava.cz\/wp-content\/uploads\/2020\/09\/DSC00481.jpg' title=\"\" data-rl_title=\"\" class=\"rl-gallery-link\" data-rl_caption=\"\" data-rel=\"lightbox-gallery-1\"><img width=\"832\" height=\"555\" src=\"http:\/\/skolarusava.cz\/wp-content\/uploads\/2020\/09\/DSC00481-1024x683.jpg\" class=\"attachment-large size-large\" alt=\"\" loading=\"lazy\" srcset=\"http:\/\/skolarusava.cz\/wp-content\/uploads\/2020\/09\/DSC00481-1024x683.jpg 1024w, http:\/\/skolarusava.cz\/wp-content\/uploads\/2020\/09\/DSC00481-150x100.jpg 150w, http:\/\/skolarusava.cz\/wp-content\/uploads\/2020\/09\/DSC00481-300x200.jpg 300w, http:\/\/skolarusava.cz\/wp-content\/uploads\/2020\/09\/DSC00481-768x512.jpg 768w, http:\/\/skolarusava.cz\/wp-content\/uploads\/2020\/09\/DSC00481.jpg 1620w\" sizes=\"(max-width: 832px) 100vw, 832px\" \/><\/a>\n\t\t\t<\/div><\/figure><figure class='gallery-item'>\n\t\t\t<div class='gallery-icon landscape'>\n\t\t\t\t<a href='http:\/\/skolarusava.cz\/wp-content\/uploads\/2020\/09\/DSC00482.jpg' title=\"\" data-rl_title=\"\" class=\"rl-gallery-link\" data-rl_caption=\"\" data-rel=\"lightbox-gallery-1\"><img width=\"832\" height=\"555\" src=\"http:\/\/skolarusava.cz\/wp-content\/uploads\/2020\/09\/DSC00482-1024x683.jpg\" class=\"attachment-large size-large\" alt=\"\" loading=\"lazy\" srcset=\"http:\/\/skolarusava.cz\/wp-content\/uploads\/2020\/09\/DSC00482-1024x683.jpg 1024w, http:\/\/skolarusava.cz\/wp-content\/uploads\/2020\/09\/DSC00482-150x100.jpg 150w, http:\/\/skolarusava.cz\/wp-content\/uploads\/2020\/09\/DSC00482-300x200.jpg 300w, http:\/\/skolarusava.cz\/wp-content\/uploads\/2020\/09\/DSC00482-768x512.jpg 768w, http:\/\/skolarusava.cz\/wp-content\/uploads\/2020\/09\/DSC00482.jpg 1620w\" sizes=\"(max-width: 832px) 100vw, 832px\" \/><\/a>\n\t\t\t<\/div><\/figure><figure class='gallery-item'>\n\t\t\t<div class='gallery-icon landscape'>\n\t\t\t\t<a href='http:\/\/skolarusava.cz\/wp-content\/uploads\/2020\/09\/DSC00479.jpg' title=\"\" data-rl_title=\"\" class=\"rl-gallery-link\" data-rl_caption=\"\" data-rel=\"lightbox-gallery-1\"><img width=\"832\" height=\"555\" src=\"http:\/\/skolarusava.cz\/wp-content\/uploads\/2020\/09\/DSC00479-1024x683.jpg\" class=\"attachment-large size-large\" alt=\"\" loading=\"lazy\" srcset=\"http:\/\/skolarusava.cz\/wp-content\/uploads\/2020\/09\/DSC00479-1024x683.jpg 1024w, http:\/\/skolarusava.cz\/wp-content\/uploads\/2020\/09\/DSC00479-150x100.jpg 150w, http:\/\/skolarusava.cz\/wp-content\/uploads\/2020\/09\/DSC00479-300x200.jpg 300w, http:\/\/skolarusava.cz\/wp-content\/uploads\/2020\/09\/DSC00479-768x512.jpg 768w, http:\/\/skolarusava.cz\/wp-content\/uploads\/2020\/09\/DSC00479.jpg 1620w\" sizes=\"(max-width: 832px) 100vw, 832px\" \/><\/a>\n\t\t\t<\/div><\/figure><figure class='gallery-item'>\n\t\t\t<div class='gallery-icon landscape'>\n\t\t\t\t<a href='http:\/\/skolarusava.cz\/wp-content\/uploads\/2020\/09\/DSC00484.jpg' title=\"\" data-rl_title=\"\" class=\"rl-gallery-link\" data-rl_caption=\"\" data-rel=\"lightbox-gallery-1\"><img width=\"832\" height=\"555\" src=\"http:\/\/skolarusava.cz\/wp-content\/uploads\/2020\/09\/DSC00484-1024x683.jpg\" class=\"attachment-large size-large\" alt=\"\" loading=\"lazy\" srcset=\"http:\/\/skolarusava.cz\/wp-content\/uploads\/2020\/09\/DSC00484-1024x683.jpg 1024w, http:\/\/skolarusava.cz\/wp-content\/uploads\/2020\/09\/DSC00484-150x100.jpg 150w, http:\/\/skolarusava.cz\/wp-content\/uploads\/2020\/09\/DSC00484-300x200.jpg 300w, http:\/\/skolarusava.cz\/wp-content\/uploads\/2020\/09\/DSC00484-768x512.jpg 768w, http:\/\/skolarusava.cz\/wp-content\/uploads\/2020\/09\/DSC00484.jpg 1620w\" sizes=\"(max-width: 832px) 100vw, 832px\" \/><\/a>\n\t\t\t<\/div><\/figure>\n\t\t<\/div>\n\n<p><\/p>\n\n\n<figure class=\"wp-block-gallery columns-2 is-cropped\"><ul class=\"blocks-gallery-grid\"><li class=\"blocks-gallery-item\"><figure><img loading=\"lazy\" width=\"831\" height=\"1024\" src=\"http:\/\/skolarusava.cz\/wp-content\/uploads\/2023\/11\/foto2-831x1024.jpg\" alt=\"\" data-id=\"6259\" data-full-url=\"http:\/\/skolarusava.cz\/wp-content\/uploads\/2023\/11\/foto2-scaled.jpg\" data-link=\"http:\/\/skolarusava.cz\/?attachment_id=6259\" class=\"wp-image-6259\" srcset=\"http:\/\/skolarusava.cz\/wp-content\/uploads\/2023\/11\/foto2-831x1024.jpg 831w, http:\/\/skolarusava.cz\/wp-content\/uploads\/2023\/11\/foto2-243x300.jpg 243w, http:\/\/skolarusava.cz\/wp-content\/uploads\/2023\/11\/foto2-122x150.jpg 122w, http:\/\/skolarusava.cz\/wp-content\/uploads\/2023\/11\/foto2-768x947.jpg 768w, http:\/\/skolarusava.cz\/wp-content\/uploads\/2023\/11\/foto2-1246x1536.jpg 1246w, http:\/\/skolarusava.cz\/wp-content\/uploads\/2023\/11\/foto2-1661x2048.jpg 1661w\" sizes=\"(max-width: 831px) 100vw, 831px\" \/><figcaption class=\"blocks-gallery-item__caption\">IMG_20231106_133714<\/figcaption><\/figure><\/li><li class=\"blocks-gallery-item\"><figure><img loading=\"lazy\" width=\"826\" height=\"1024\" src=\"http:\/\/skolarusava.cz\/wp-content\/uploads\/2023\/11\/foto3-826x1024.jpg\" alt=\"\" data-id=\"6260\" data-full-url=\"http:\/\/skolarusava.cz\/wp-content\/uploads\/2023\/11\/foto3-scaled.jpg\" data-link=\"http:\/\/skolarusava.cz\/?attachment_id=6260\" class=\"wp-image-6260\" srcset=\"http:\/\/skolarusava.cz\/wp-content\/uploads\/2023\/11\/foto3-826x1024.jpg 826w, http:\/\/skolarusava.cz\/wp-content\/uploads\/2023\/11\/foto3-242x300.jpg 242w, http:\/\/skolarusava.cz\/wp-content\/uploads\/2023\/11\/foto3-121x150.jpg 121w, http:\/\/skolarusava.cz\/wp-content\/uploads\/2023\/11\/foto3-768x952.jpg 768w, http:\/\/skolarusava.cz\/wp-content\/uploads\/2023\/11\/foto3-1240x1536.jpg 1240w, http:\/\/skolarusava.cz\/wp-content\/uploads\/2023\/11\/foto3-1653x2048.jpg 1653w\" sizes=\"(max-width: 826px) 100vw, 826px\" \/><figcaption class=\"blocks-gallery-item__caption\">IMG_20231106_133805<\/figcaption><\/figure><\/li><li class=\"blocks-gallery-item\"><figure><img loading=\"lazy\" width=\"1024\" height=\"936\" src=\"http:\/\/skolarusava.cz\/wp-content\/uploads\/2023\/11\/foto5-1024x936.jpg\" alt=\"\" data-id=\"6262\" data-full-url=\"http:\/\/skolarusava.cz\/wp-content\/uploads\/2023\/11\/foto5-scaled.jpg\" data-link=\"http:\/\/skolarusava.cz\/?attachment_id=6262\" class=\"wp-image-6262\" srcset=\"http:\/\/skolarusava.cz\/wp-content\/uploads\/2023\/11\/foto5-1024x936.jpg 1024w, http:\/\/skolarusava.cz\/wp-content\/uploads\/2023\/11\/foto5-300x274.jpg 300w, http:\/\/skolarusava.cz\/wp-content\/uploads\/2023\/11\/foto5-150x137.jpg 150w, http:\/\/skolarusava.cz\/wp-content\/uploads\/2023\/11\/foto5-768x702.jpg 768w, http:\/\/skolarusava.cz\/wp-content\/uploads\/2023\/11\/foto5-1536x1403.jpg 1536w, http:\/\/skolarusava.cz\/wp-content\/uploads\/2023\/11\/foto5-2048x1871.jpg 2048w\" sizes=\"(max-width: 1024px) 100vw, 1024px\" \/><figcaption class=\"blocks-gallery-item__caption\">IMG_20231106_134104<\/figcaption><\/figure><\/li><li class=\"blocks-gallery-item\"><figure><img loading=\"lazy\" width=\"1024\" height=\"768\" src=\"http:\/\/skolarusava.cz\/wp-content\/uploads\/2023\/11\/IMG_20231016_133255-1024x768.jpg\" alt=\"\" data-id=\"6263\" data-full-url=\"http:\/\/skolarusava.cz\/wp-content\/uploads\/2023\/11\/IMG_20231016_133255-scaled.jpg\" data-link=\"http:\/\/skolarusava.cz\/?attachment_id=6263\" class=\"wp-image-6263\" srcset=\"http:\/\/skolarusava.cz\/wp-content\/uploads\/2023\/11\/IMG_20231016_133255-1024x768.jpg 1024w, http:\/\/skolarusava.cz\/wp-content\/uploads\/2023\/11\/IMG_20231016_133255-300x225.jpg 300w, http:\/\/skolarusava.cz\/wp-content\/uploads\/2023\/11\/IMG_20231016_133255-150x113.jpg 150w, http:\/\/skolarusava.cz\/wp-content\/uploads\/2023\/11\/IMG_20231016_133255-768x576.jpg 768w, http:\/\/skolarusava.cz\/wp-content\/uploads\/2023\/11\/IMG_20231016_133255-1536x1152.jpg 1536w, http:\/\/skolarusava.cz\/wp-content\/uploads\/2023\/11\/IMG_20231016_133255-2048x1536.jpg 2048w\" sizes=\"(max-width: 1024px) 100vw, 1024px\" \/><\/figure><\/li><li class=\"blocks-gallery-item\"><figure><img loading=\"lazy\" width=\"1024\" height=\"768\" src=\"http:\/\/skolarusava.cz\/wp-content\/uploads\/2023\/11\/IMG_20231016_133333-1024x768.jpg\" alt=\"\" data-id=\"6265\" data-full-url=\"http:\/\/skolarusava.cz\/wp-content\/uploads\/2023\/11\/IMG_20231016_133333-scaled.jpg\" data-link=\"http:\/\/skolarusava.cz\/?attachment_id=6265\" class=\"wp-image-6265\" srcset=\"http:\/\/skolarusava.cz\/wp-content\/uploads\/2023\/11\/IMG_20231016_133333-1024x768.jpg 1024w, http:\/\/skolarusava.cz\/wp-content\/uploads\/2023\/11\/IMG_20231016_133333-300x225.jpg 300w, http:\/\/skolarusava.cz\/wp-content\/uploads\/2023\/11\/IMG_20231016_133333-150x113.jpg 150w, http:\/\/skolarusava.cz\/wp-content\/uploads\/2023\/11\/IMG_20231016_133333-768x576.jpg 768w, http:\/\/skolarusava.cz\/wp-content\/uploads\/2023\/11\/IMG_20231016_133333-1536x1152.jpg 1536w, http:\/\/skolarusava.cz\/wp-content\/uploads\/2023\/11\/IMG_20231016_133333-2048x1536.jpg 2048w\" sizes=\"(max-width: 1024px) 100vw, 1024px\" \/><\/figure><\/li><li class=\"blocks-gallery-item\"><figure><img loading=\"lazy\" width=\"1024\" height=\"768\" src=\"http:\/\/skolarusava.cz\/wp-content\/uploads\/2023\/11\/IMG_20231016_133450_1-1024x768.jpg\" alt=\"\" data-id=\"6266\" data-full-url=\"http:\/\/skolarusava.cz\/wp-content\/uploads\/2023\/11\/IMG_20231016_133450_1-scaled.jpg\" data-link=\"http:\/\/skolarusava.cz\/?attachment_id=6266\" class=\"wp-image-6266\" srcset=\"http:\/\/skolarusava.cz\/wp-content\/uploads\/2023\/11\/IMG_20231016_133450_1-1024x768.jpg 1024w, http:\/\/skolarusava.cz\/wp-content\/uploads\/2023\/11\/IMG_20231016_133450_1-300x225.jpg 300w, http:\/\/skolarusava.cz\/wp-content\/uploads\/2023\/11\/IMG_20231016_133450_1-150x113.jpg 150w, http:\/\/skolarusava.cz\/wp-content\/uploads\/2023\/11\/IMG_20231016_133450_1-768x576.jpg 768w, http:\/\/skolarusava.cz\/wp-content\/uploads\/2023\/11\/IMG_20231016_133450_1-1536x1152.jpg 1536w, http:\/\/skolarusava.cz\/wp-content\/uploads\/2023\/11\/IMG_20231016_133450_1-2048x1536.jpg 2048w\" sizes=\"(max-width: 1024px) 100vw, 1024px\" \/><\/figure><\/li><li class=\"blocks-gallery-item\"><figure><img loading=\"lazy\" width=\"1024\" height=\"961\" src=\"http:\/\/skolarusava.cz\/wp-content\/uploads\/2023\/11\/IMG_20231016_134208-1024x961.jpg\" alt=\"\" data-id=\"6267\" data-full-url=\"http:\/\/skolarusava.cz\/wp-content\/uploads\/2023\/11\/IMG_20231016_134208-scaled.jpg\" data-link=\"http:\/\/skolarusava.cz\/?attachment_id=6267\" class=\"wp-image-6267\" srcset=\"http:\/\/skolarusava.cz\/wp-content\/uploads\/2023\/11\/IMG_20231016_134208-1024x961.jpg 1024w, http:\/\/skolarusava.cz\/wp-content\/uploads\/2023\/11\/IMG_20231016_134208-300x282.jpg 300w, http:\/\/skolarusava.cz\/wp-content\/uploads\/2023\/11\/IMG_20231016_134208-150x141.jpg 150w, http:\/\/skolarusava.cz\/wp-content\/uploads\/2023\/11\/IMG_20231016_134208-768x721.jpg 768w, http:\/\/skolarusava.cz\/wp-content\/uploads\/2023\/11\/IMG_20231016_134208-1536x1441.jpg 1536w, http:\/\/skolarusava.cz\/wp-content\/uploads\/2023\/11\/IMG_20231016_134208-2048x1922.jpg 2048w\" sizes=\"(max-width: 1024px) 100vw, 1024px\" \/><\/figure><\/li><li class=\"blocks-gallery-item\"><figure><img loading=\"lazy\" width=\"1024\" height=\"768\" src=\"http:\/\/skolarusava.cz\/wp-content\/uploads\/2023\/11\/IMG_20231016_134417_1-1024x768.jpg\" alt=\"\" data-id=\"6268\" data-full-url=\"http:\/\/skolarusava.cz\/wp-content\/uploads\/2023\/11\/IMG_20231016_134417_1-scaled.jpg\" data-link=\"http:\/\/skolarusava.cz\/?attachment_id=6268\" class=\"wp-image-6268\" srcset=\"http:\/\/skolarusava.cz\/wp-content\/uploads\/2023\/11\/IMG_20231016_134417_1-1024x768.jpg 1024w, http:\/\/skolarusava.cz\/wp-content\/uploads\/2023\/11\/IMG_20231016_134417_1-300x225.jpg 300w, http:\/\/skolarusava.cz\/wp-content\/uploads\/2023\/11\/IMG_20231016_134417_1-150x113.jpg 150w, http:\/\/skolarusava.cz\/wp-content\/uploads\/2023\/11\/IMG_20231016_134417_1-768x576.jpg 768w, http:\/\/skolarusava.cz\/wp-content\/uploads\/2023\/11\/IMG_20231016_134417_1-1536x1152.jpg 1536w, http:\/\/skolarusava.cz\/wp-content\/uploads\/2023\/11\/IMG_20231016_134417_1-2048x1536.jpg 2048w\" sizes=\"(max-width: 1024px) 100vw, 1024px\" \/><\/figure><\/li><li class=\"blocks-gallery-item\"><figure><img loading=\"lazy\" width=\"1024\" height=\"749\" src=\"http:\/\/skolarusava.cz\/wp-content\/uploads\/2023\/11\/IMG_20231016_134841_1-1024x749.jpg\" alt=\"\" data-id=\"6270\" data-full-url=\"http:\/\/skolarusava.cz\/wp-content\/uploads\/2023\/11\/IMG_20231016_134841_1-scaled.jpg\" data-link=\"http:\/\/skolarusava.cz\/?attachment_id=6270\" class=\"wp-image-6270\" srcset=\"http:\/\/skolarusava.cz\/wp-content\/uploads\/2023\/11\/IMG_20231016_134841_1-1024x749.jpg 1024w, http:\/\/skolarusava.cz\/wp-content\/uploads\/2023\/11\/IMG_20231016_134841_1-300x219.jpg 300w, http:\/\/skolarusava.cz\/wp-content\/uploads\/2023\/11\/IMG_20231016_134841_1-150x110.jpg 150w, http:\/\/skolarusava.cz\/wp-content\/uploads\/2023\/11\/IMG_20231016_134841_1-768x562.jpg 768w, http:\/\/skolarusava.cz\/wp-content\/uploads\/2023\/11\/IMG_20231016_134841_1-1536x1124.jpg 1536w, http:\/\/skolarusava.cz\/wp-content\/uploads\/2023\/11\/IMG_20231016_134841_1-2048x1498.jpg 2048w\" sizes=\"(max-width: 1024px) 100vw, 1024px\" \/><\/figure><\/li><li class=\"blocks-gallery-item\"><figure><img loading=\"lazy\" width=\"768\" height=\"1024\" src=\"http:\/\/skolarusava.cz\/wp-content\/uploads\/2023\/11\/IMG_20231016_134645-768x1024.jpg\" alt=\"\" data-id=\"6269\" data-full-url=\"http:\/\/skolarusava.cz\/wp-content\/uploads\/2023\/11\/IMG_20231016_134645-scaled.jpg\" data-link=\"http:\/\/skolarusava.cz\/?attachment_id=6269\" class=\"wp-image-6269\" srcset=\"http:\/\/skolarusava.cz\/wp-content\/uploads\/2023\/11\/IMG_20231016_134645-768x1024.jpg 768w, http:\/\/skolarusava.cz\/wp-content\/uploads\/2023\/11\/IMG_20231016_134645-225x300.jpg 225w, http:\/\/skolarusava.cz\/wp-content\/uploads\/2023\/11\/IMG_20231016_134645-113x150.jpg 113w, http:\/\/skolarusava.cz\/wp-content\/uploads\/2023\/11\/IMG_20231016_134645-1152x1536.jpg 1152w, http:\/\/skolarusava.cz\/wp-content\/uploads\/2023\/11\/IMG_20231016_134645-1536x2048.jpg 1536w, http:\/\/skolarusava.cz\/wp-content\/uploads\/2023\/11\/IMG_20231016_134645-scaled.jpg 1920w\" sizes=\"(max-width: 768px) 100vw, 768px\" \/><\/figure><\/li><\/ul><\/figure>\n","protected":false},"excerpt":{"rendered":"<p>Fotogalerie<\/p>\n","protected":false},"author":1,"featured_media":0,"parent":0,"menu_order":0,"comment_status":"closed","ping_status":"closed","template":"","meta":[],"_links":{"self":[{"href":"http:\/\/skolarusava.cz\/index.php?rest_route=\/wp\/v2\/pages\/60"}],"collection":[{"href":"http:\/\/skolarusava.cz\/index.php?rest_route=\/wp\/v2\/pages"}],"about":[{"href":"http:\/\/skolarusava.cz\/index.php?rest_route=\/wp\/v2\/types\/page"}],"author":[{"embeddable":true,"href":"http:\/\/skolarusava.cz\/index.php?rest_route=\/wp\/v2\/users\/1"}],"replies":[{"embeddable":true,"href":"http:\/\/skolarusava.cz\/index.php?rest_route=%2Fwp%2Fv2%2Fcomments&post=60"}],"version-history":[{"count":53,"href":"http:\/\/skolarusava.cz\/index.php?rest_route=\/wp\/v2\/pages\/60\/revisions"}],"predecessor-version":[{"id":9516,"href":"http:\/\/skolarusava.cz\/index.php?rest_route=\/wp\/v2\/pages\/60\/revisions\/9516"}],"wp:attachment":[{"href":"http:\/\/skolarusava.cz\/index.php?rest_route=%2Fwp%2Fv2%2Fmedia&parent=60"}],"curies":[{"name":"wp","href":"https:\/\/api.w.org\/{rel}","templated":true}]}}